s, 2*s = -6. List the prime factors of g.
2, 241
Let g = 6 + -6. Suppose r + 101 = -5*y + 252, -25 = -y + 5*r. Suppose -2*a + 5*a - y = g. List the prime factors of a.
2, 5
Let h(i) = -38*i**2 - 5*i - 1. Let u be h(3). Let r = -179 - u. List the prime factors of r.
179
Suppose 3*t = 5*i - 18, 2*t = -3*i + 9 - 2. Suppose 0 = q + 3, v + i*q = -0 + 57. List the prime factors of v.
2, 3, 11
Let j = 10 - 8. Suppose -7*d + j*d + 385 = 0. Suppose 163 = 6*v - d. List the prime factors of v.
2, 5
Let w be (-2 - -1)*-1 + 1. Suppose -3*k = -2*k - w*u + 13, u = -3*k - 4. Let q = k + 26. List the prime factors of q.
23
Let v = 2336 - -2146. What are the prime factors of v?
2, 3, 83
Suppose 3*s + 15 = 5*u, -u - 5*s + 5 = 30. Suppose -6 = -3*o - u. Suppose 0 = 3*r - 4*r, -4*q = o*r - 48. List the prime factors of q.
2, 3
Let a be (-141)/(-13) + (-114)/(-741). Let c be -120*(0 - (-2)/(-4)). Suppose -6*b - c = -a*b. What are the prime factors of b?
2, 3
Let r be -1 + 1 - (7 + 175). Let j = r + 278. What are the prime factors of j?
2, 3
Suppose -13 - 7 = -10*n. What are the prime factors of ((-2)/n)/((-105)/(-27) - 4)?
3
Let r(o) be the second derivative of -o**3/6 - 19*o**2/2 + 6*o. Let h be r(-13). What are the prime factors of 15/(1 + h)*-1?
3
Suppose m - 2*d = 4, -5*m + 4*d + 15 = -17. Let s = m - 6. Suppose -s*z + 2 = -10. List the prime factors of z.
2, 3
What are the prime factors of (-637)/(-2) + 0 + 12/24?
11, 29
Let r(b) = b - 9. Let z(t) = -3*t + 17. Let w(v) = -5*r(v) - 2*z(v). Let c be w(-7). List the prime factors of 70/c - 1/2.
17
Let q(n) = n + 10. Let a be q(-7). Suppose -5*v + 2*v + 24 = 0. Suppose -5*x + 38 = -4*l, -a*x + v*x - 35 = 5*l. List the prime factors of x.
2, 5
Suppose 4*l + l = -3*p + 13229, -8819 = -2*p - 3*l. List the prime factors of p.
2, 19, 29
Suppose 4*c = 1711 + 521. List the prime factors of c.
2, 3, 31
Suppose -i = -3*i + m + 162, 320 = 4*i - 4*m. What are the prime factors of i?
2, 41
Let t(i) = 3*i**2 + 26*i + 65. Let o be t(-17). Let a = o + -322. List the prime factors of a.
2, 3, 7
Let r be (2 - 10)/(-1*(-6)/(-786)). Suppose -7*p + 2*p + 1350 = -3*c, -4*p + r = 4*c. What are the prime factors of p?
3, 89
Suppose 506*p = 513*p - 4305. What are the prime factors of p?
3, 5, 41
List the prime factors of (-16)/416 + 55698/156.
3, 7, 17
Let s = -24 - -24. Suppose s = -3*c, 10 = t - 5*c - 2. What are the prime factors of t?
2, 3
Let x = 67 + -63. List the prime factors of 28/(-12)*-3*(4 + x).
2, 7
Suppose -2*n + k = -1270, 0*k = -3*n - 2*k + 1905. List the prime factors of n.
5, 127
Let h(p) = -17*p - 4. Suppose -2*t - 4*x = -4*t - 4, -4*x - 4 = 2*t. What are the prime factors of h(t)?
2, 3, 5
Let d = 15 + -12. Suppose 2*s = 4*l - 134, 2*l = s + d*s + 82. Let x = -12 + l. List the prime factors of x.
19
Suppose -2*c + 20 = -4*c. Let f(j) = -19*j - 208 + 207 + 12*j. List the prime factors of f(c).
3, 23
Let w be 1/(-6) + (-1052)/24. What are the prime factors of 2 - ((w - -4) + 2)?
2, 5
Suppose -n + 10 = -7. Let t = n - -39. List the prime factors of t.
2, 7
What are the prime factors of ((-12760)/16)/(-2*(-3)/(-12))?
5, 11, 29
Suppose a = -3*a. Suppose 3*i - u = -a*u + 5, 3*i = 2*u + 4. Suppose -i*z = -4*z + 40. What are the prime factors of z?
2, 5
Suppose -2*q = -5 + 1. Suppose -4*i = -8*i + 3*t + 315, 0 = -4*t - 20. Suppose -q*j + i = j. What are the prime factors of j?
5
Suppose 2*y = -j + 1683, 51*y + 840 = 52*y + j. List the prime factors of y.
3, 281
Suppose 64 - 168 = 4*c. Let g = -24 - c. Suppose 54 - 12 = g*y. What are the prime factors of y?
3, 7
Let x be (-2)/(-6) - (-272)/(-6). Let u = 51 + x. List the prime factors of u.
2, 3
Let d be (-795)/35 + 2/(-7). Let o = -20 - d. Suppose -o*q - 4*a = -211, -4*q + 4*a + 273 = a. What are the prime factors of q?
3, 23
Let q = -1055 - -4210. List the prime factors of q.
5, 631
Let b be (-2 + 3)*-1*-8. Suppose 0 = -4*f + 2*f + b. Suppose 42 = i + n, 0 = -0*i + 2*i - f*n - 114. List the prime factors of i.
47
Let r(t) be the first derivative of t**3 + t**2 - t + 8. Let i be r(-7). Suppose 0 = 3*j + 39 - i. List the prime factors of j.
31
Suppose -22352 - 17272 = -52*y. What are the prime factors of y?
2, 3, 127
Let f be (1 + 5)*(-10)/15. Let w(s) = 6*s**2 + 7*s + 8. Let p be w(f). What are the prime factors of p/(-8)*(2 + -4)?
19
Let d(r) = -r**3 + 15*r**2 + 18*r - 24. Let n be d(16). What are the prime factors of (-3 + (92/n - -2))*12?
2, 3, 7
Let t(r) = 9*r - 1. Let j be t(1). Let s = -43 - -42. Let u = j + s. List the prime factors of u.
7
Suppose 5*x + 2*v + 2*v + 1 = 0, -3*v = -x + 15. Suppose -2*a - a = -3*j - 192, 0 = 5*a - x*j - 330. What are the prime factors of a?
3, 23
Let o(u) = -u**2 - 6*u + 2. Let v be o(-6). Suppose -v*m + 3*c + 15 = -45, 64 = 2*m - c. What are the prime factors of m?
3, 11
Let h be (1 - -5)*(-6)/(-4). Let b be (144/10)/(h/60). Suppose 2*z = -2*z + b. List the prime factors of z.
2, 3
List the prime factors of ((-62)/6)/((-3)/(-540)*-1).
2, 3, 5, 31
Let b = 6358 - 3289. What are the prime factors of b?
3, 11, 31
Let s be (0 + -3 - -301) + -4. Suppose -s = 5*u - 959. What are the prime factors of u?
7, 19
Let b(z) be the third derivative of z**5/120 + z**4/3 + z**3/3 - 5*z**2. Let c(j) be the first derivative of b(j). List the prime factors of c(-6).
2
Let t(f) = -2*f - 5. Suppose 25 = -0*v - 5*v + 5*d, d - 9 = 2*v. Let c be t(v). Suppose -c*u = -146 + 2. List the prime factors of u.
2, 3
What are the prime factors of (-25)/(-4 - (-114)/30)?
5
Suppose 0*w + w - 50 = 3*q, 5*w + 4*q - 326 = 0. Let o = w - 17. Let l = 65 - o. List the prime factors of l.
2, 5
Let g(w) = 3*w + 21. Let z be g(-9). List the prime factors of ((-2)/z)/(((-5)/(-2820))/1).
2, 47
What are the prime factors of 7/((-21)/(-12)) - (2 - 430)?
2, 3
Let o be 10/((-6 + 4)*-1). Suppose -3*l = -o*l + 178. List the prime factors of l.
89
Let u be (-80)/(-4) - 4 - -2. Suppose -7*s - 781 = -u*s. List the prime factors of s.
71
Let u be 251*(4 + -5 + 3). Let z = u - 308. List the prime factors of z.
2, 97
Suppose -d + 3*k + 38 = -489, -1038 = -2*d + 2*k. What are the prime factors of d?
5, 103
Let q(m) = -m - 20. Let o be q(-23). Suppose -3*j = o*j - 594. List the prime factors of j.
3, 11
Let r(p) = p**3 + 4*p + 75. What are the prime factors of r(9)?
2, 3, 5, 7
Let u be ((-4)/(-5))/((-10)/(-25)) + 60. Suppose -5*v = 3*c - 230, c - v - u = v. What are the prime factors of c?
2, 5, 7
Let o(t) = t**2 + 4*t - 3. Let f(a) = -a**3 + 11*a**2 - 11*a + 5. Let m be f(10). What are the prime factors of o(m)?
2
Let s(j) = -j**3 + 16*j**2 + 3*j - 21. Suppose -n = -3*n + 38. Suppose -21*g + 32 = -n*g. List the prime factors of s(g).
3
Let h = 21 - 42. Let c = 55 - h. Let w = c + -52. List the prime factors of w.
2, 3
Let m(l) = 2*l**2 - 11*l + 22. What are the prime factors of m(-13)?
503
Suppose 0*d + 5*p = 3*d - 27, 0 = d + 4*p + 8. Suppose d = 4*w - 336. List the prime factors of w.
5, 17
Let j(o) = -o**2 - 12*o - 3. List the prime factors of j(-3).
2, 3
Let t(q) be the first derivative of -q**4/4 + 3*q**3 + q**2/2 + 9*q - 4. What are the prime factors of t(5)?
2, 3, 19
Let m = 4754 + -2572. List the prime factors of m.
2, 1091
Let n(u) = 169*u**3 + u**2 - 4*u + 2. List the prime factors of n(2).
2, 3, 5
Suppose 17*l - 14872 = -9*l. What are the prime factors of l?
2, 11, 13
Let y(o) = o**3 + 2*o**2 - o. Let z be y(1). Let t(f) = -20*f**3 - 2*f**2 - 2*f + 1. Let u be t(z). What are the prime factors of (-475)/u + 4/18?
3
Let x = 1472 - 1157. What are the prime factors of x?
3, 5, 7
Let i(z) = z**3 + 30*z**2 - 10*z**2 - 3*z - z - 10*z**2 - 3. Let s be (-2)/1 + -10 - -2. What are the prime factors of i(s)?
37
Let r = 666 + -441. What are the prime factors of r?
3, 5
Suppose -33*a = 27*a - 181260. List the prime factors of a.
3, 19, 53
Suppose 32*y + 22*y - 78192 = 0. What are the prime factors of y?
2, 181
Suppose 0 = -4*w - 5*d - 3 + 1, -4*w - d + 6 = 0. Suppose 0 = -0*u + w*u + 196. What are the prime factors of u/(-3) + (-2)/3?
2
Suppose -5*o = -22 + 27. Let m be o/(-5) + 184/(-20). What are the prime factors of ((-8)/12)/(3/m)?
2
Let j be 45 + (-4 + 8)/4. Suppose 49*x - 411 = j*x. List the prime factors of x.
137
Let o be 3/(3/(-14)) + 0. Let y be 5 - 7/(o/(-4)). Suppose 34 = s + y. Li